(-25 - -8) + 5)) + -5)?
-11
Calculate -2 + (12 - (-21 - 5) - -9) - 3.
42
What is the value of 27 - (-39 + 39 + -3) - (5 + 3)?
22
7 - (-37 - (26 + 0))
70
Evaluate (-8 - -27) + (-137 - -64).
-54
Evaluate (-1 + 2 + 27 - 12) + -73.
-57
What is the value of -31 + (-36 - (49 + -76))?
-40
Evaluate (-92 - (2 + 12)) + 17 - -6 - 6.
-89
Evaluate 116 - 98 - ((-3 - -13) + 72 + -1).
-63
Calculate (88 - 98 - 18) + 53.
25
Evaluate -41 - (-25 - (5 - 7)) - 22.
-40
What is (3 - 7 - (-22 + -19)) + (5 - (-3 - 1))?
46
Evaluate (9 - (27 + -9) - ((-1 - 7) + 2)) + 28.
25
8 - (-30 + 21 + 23 + 6)
-12
What is 33 - (26 - 14) - -6?
27
Calculate 27 - 1 - (-36 + 47 + (2 - 7)).
20
What is 15 + 10 + -13 + (5 - (74 + -12 + 9))?
-54
What is -1 + 71 + -85 + 28 + -5 + 2?
10
Evaluate 27 - (11 - -13) - -8 - -6.
17
0 + 2 + 0 - 4 - (-250 - -204)
44
-83 + (-15 + -23 + 17 - -31)
-73
What is 62 + ((7 - (8 - 14)) + -5 - 6)?
64
What is the value of 132 + -16 + 119 + -116?
119
Calculate -45 - (-141 + 149 - -43).
-96
Calculate -22 + -3 + (-8 + 15 - -8) + -18.
-28
What is the value of -67 + -5 + (17 - (-10 + 26))?
-71
What is (365 - 376) + 1 + -2 + (11 - -67)?
66
Calculate (-32 - (-2 + 4)) + 2 + -41 + (-778 - -808).
-43
What is -6 + (-3 - 6 - -4) + (-24 - -36)?
1
Calculate (10 - -35) + (16 - 8) + -3.
50
10 - -18 - (27 - -10)
-9
What is the value of 13 + 9 - (-68 - -96)?
-6
What is 13 + 14 - 49 - (-38 - -51)?
-35
What is the value of (-66 - -16) + -19 + -8 + 44?
-33
What is the value of (-41 - (-7 + 11 + -4 - 10)) + -7 - 7?
-45
0 + -12 + (-35 - (-11 + -8 + -59))
31
1 + -14 + 885 + -860 + 91
103
What is the value of -11 - ((-123 + 118 - (-10 + 4)) + 71)?
-83
What is -21 + 58 + -20 - (-8 + -2)?
27
What is the value of -75 - (-56 - -24 - 15)?
-28
What is 1212 - 1224 - (-3 + (0 - (-17 + -4)))?
-30
223 + 53 + -209 + -169
-102
Calculate ((-6 - -12) + -14 - -18) + (7 - -51 - -3).
71
(-5 - 2) + (-64 + (-2 - -5) - 5) + -2
-75
Calculate 40 - -41 - 36 - 58.
-13
Calculate 46 + -145 + 48 + 46.
-5
Calculate -602 + 576 + 2 + (-5 - -13 - -3).
-13
12 - (-161 + 171 - (-15 + 1) - 8)
-4
What is -6 + (7 + -37 + 5 - 23)?
-54
What is 65 - 92 - (7 + -2 + -10)?
-22
What is 1514 - 1493 - (-3 + 46)?
-22
What is the value of (-39 - -56 - 33) + -39?
-55
-19 - (-21 - (-63 + 18)) - -7
-36
What is (-14 - -4) + 1 - -10?
1
What is 8 + 46 + 5 + -7 + (-16 - -12)?
48
What is the value of -94 + 41 + 80 + 42?
69
Evaluate 63 - (0 + 16 + (-91 + 49 - -24)).
65
94 - 33 - 6 - 49
6
Evaluate (0 - 0) + 5 - (-86 - 56 - -94).
53
Calculate (-5 - -1) + 50 - (74 - (36 - -56)).
64
Calculate 38 + (-43 - 76) - -43 - -72.
34
What is the value of -26 - ((24 + -22 - 6) + -4)?
-18
(26 - (0 + 17) - -12) + -4
17
What is the value of (-11 - -4) + (-19 + 7 - -22)?
3
What is 57 - (42 + -29 + -10 + 18)?
36
What is 4 + 13 - (-1 + -9 - -37)?
-10
(6 - 6) + 0 + 0 + -33 + -13 + -4
-50
Calculate (13 - 17) + -11 + 88.
73
Evaluate 98 - ((141 - 58) + -31).
46
What is 18 - (36 + (-11 - -9)) - 27?
-43
What is (-10 - ((-96 - 13) + -12 + 17)) + -4?
90
What is 17 + (-9 - 46) + -14?
-52
What is -9 - -7 - 3 - ((-21 - -46) + -14)?
-16
17 + -55 + 47 - 51
-42
What is the value of -26 + 28 - (5 - 2 - (4 - 0)) - 62?
-59
Calculate (-53 - (168 + -76)) + 78.
-67
Calculate 83 + -44 + 17 + -22.
34
What is (1 + -24 - 30) + 6 + 5 + -1?
-43
Evaluate (5 + (4 - 13) - (1 + 2)) + 8 + -32.
-31
What is the value of -72 + 50 - ((-5 - -15) + -96)?
64
Evaluate -62 - (1 - (32 - 39)).
-70
What is 4 - ((5 + 5 - 19) + 16 - -5)?
-8
Evaluate 2110 + -1980 + (32 - 0) + -10.
152
(9 + -10 - (-4 - -1)) + 67 + -48 + -41
-20
82 + (49 - 139 - -30)
22
What is (-8 - (2 + 49)) + 15?
-44
What is the value of 910 - 925 - (28 + 2 - -4)?
-49
Evaluate 1239 + -1245 + (-14 - (-5 + (4 - 2) - -6)).
-23
Calculate -2 + -125 + -110 + (-179 - -327).
-89
(-79 - -3) + 99 + -52
-29
Evaluate 39 - 1 - (-5246 - -5209).
75
What is the value of (2 - 35) + 32 + 11 + -22?
-12
Evaluate 9 + 5 + 14 + -124 + 17 - -9.
-70
What is 47 - (24 - 51) - 30?
44
Evaluate (-47 - -6) + 51 + -18 - (13 + (-2 - 0)).
-19
Evaluate (-1 + -11 + -1 - 0) + 2.
-11
Calculate -38 + 145 - (-27 - -86).
48
What is (117 - -6) + (-5 - -32) + -35 + 18?
133
(0 - 0 - -5) + (28 + (-91 - -29) - 50)
-79
What is the value of -652 - -724 - (6 + 52)?
14
181 - 175 - (11 - -62 - (1 + 3 - 7))
-70
Evaluate -26 - (-90 - -50) - (2 - 32).
44
Calculate -99 - (-35 + 15 - -36 - 40).
-75
What is the value of (-22 - -13) + 44 + -67?
-32
What is (-25 + 2 + 14 - -10) + 49?
50
What is -205 + 122 + (16 - (0 + 11))?
-78
-19 - (-31 + 4 + -4 + 35)
-23
Evaluate 20 + -32 + -29 + 2 + 19.
-20
Calculate (5 - (-19 - (-41 - -22)) - (-5 + 1)) + -60.
-51
Evaluate -16 - (9 + -47 - 19 - -22) - -41.
60
7 + (10 - -15) + -35 - (-2 - (11 + 1))
11
Calculate (-17 - (5 - (24 + -20))) + -8.
-26
(847 - 939) + 62 + -4
-34
What is the value of -1 + 5 + 533 + -487?
50
Evaluate 1 + -1 + -2 + 5 + -4 + 12740 + -12796.
-57
What is the value of 51 - (184 - 135) - (43 - (-2 + 0 + 3))?
-40
Calculate (12 - -1) + (-1596 - -1653) + (-2 - 31).
37
Evaluate -32 - (-4 - -11 - 18) - (-2 + 3 + 1).
-23
Calculate 129 + 8 - 93 - 10.
34
What is the value of 19 - (44 + -7) - (17 - 1) - 0?
-34
What is -104 - (-2 + 15 - 126)?
9
Evaluate -54 - (-17 + -34 - -32).
-35
Calculate -12 + -60 + 6 - (-3 - -3 - -2).
-68
What is 34 - (28 + -6 + -6 + -3)?
21
What is (99 - 8) + 14 - (1 + (5 - 10 - -12))?
97
Evaluate (-40 - (-4 - 29)) + (-2 - -4 - 9).
-14
Calculate 6 + (-9 - -22 - (0 - -9)) - 6.
4
108 + -11 + -37 - -1
61
What is -35 + -13 - (403 + -439)?
-12
Evaluate 62 + -49 + (2 - 16) + -2.
-3
-21 + 26 + 50 + -58 + 43
40
What is -49 + (-46 + 98 - -5)?
8
What is 12 - (-32 + -58 + 40 + 27)?
35
What is the value of 42 - (3 - 2) - (395 + -398)?
44
What is the value of (-26 + 9 + -3 - -7) + -28?
-41
Evaluate -9 - -1 - (-24 - (10 - (-21 - (1 + -22)))).
26
107 - (22 + 16 + 14)
55
What is the value of 121 + -55 + -40 - -19?
45
Evaluate (2 - 48 - -11 - -16 - 10) + -6.
-35
Evaluate -8 + (28 - 71) + 36.
-15
-3 - (-66 + ((-1 - (-1 - 4)) + -25 - -12))
72
Evaluate (5 - (4 + 10)) + (406 - 364).
33
-26 - (-43 + -23 - -8)
32
(-46 - -6) + (4 - -10) + 124
98
-2 - 14 - (-386 + 371) - 8
-9
Calculate 7 + 3 + -9 + (6 - (-4 - -11)) + -5.
-5
What is -51 + 9 + (-40 - -95)?
13
28 + -9 - (25 - (19 + -11))
2
Evaluate 37 - (-12 + 54) - (23 + (2 - 1)).
-29
(0 - 34) + (-80 + 149 - -15)
50
What is -12 + (33 - 11) - 1 - 31?
-22
What is the value of 2 - 3 - (-25 - (-28 - -12)) - -11 - 0?
19
What is 17 + -8 - (5 + -15 + 5 - (1 + -42))?
-27
What is the value of -7 - (1766 + -1761 + (-9 - (-1 - 0)) + 3)?
-7
Evaluate -49 + (-22 - -26) - -55.
10
Evaluate (-16 - (11 - 27)) + 12 + (-2 - -1).
11
Evaluate -17 + (70 + -2 - (-222 + 219)).
54
What is the value of (-4 + 1 + 1 - -15) + -46 + -104 + 156?
19
Evaluate (-3 - -2) + -14 + (-1 - (117 - 76)).
-57
Calculate 395 + -429 + 18 + 65.
49
Calculate 568 + -557 + (5 - (-9 - -9)) + -64 + 1.
-47
Calculate -4 + -2 + (8 - 34 - (-62 - -36)).
-6
What is 5 - (-16 + -11 + -33 + 18)?
47
Evaluate -13 + 26 + -82 + -19 + 14.
-74
What is -13 + (-171 - -156 - (-29 + -2)) + -24?
-21
Evaluate 12 + 98 + 21 + (-14 - 25) + 18.
110
Evaluate (0 - 2) + (10 - 20) + 16 - -1.
5
Calculate 3 + 5 + (-6 - (39 + -198)) + -8.
153
What is 1356 - 1296 - (20 + -1) - (-1 + -16)?
58
Evaluate -6 + 13 + 1 + -5 + -9 + -8.
-14
-37 + (2 - -11) + 17 + -27
-34
Evaluate 9 - (0 + -3) - (28 - 44 - -33).
-5
What is (2040 - 2004) + -1 + -60?
-25
What is (-34 - -109) + -96 + 78?
57
What is the value of 71 + -63 - 69 - -24?
-37
Evaluate -60 - (-14 + 0 - (-7 + 10)).
-43
Evaluate (4 + 17 - 18) + 11 + (1 - 0) - -1.
16
What is (39 - -89) + -144 + -50?
-66
(45 - (51 - -26)) + 22
-10
2 + 8 - (24 - (34 + -18) - 22)
24
What is -63 + (19 + 30 - -55)?
41
Calculate (22 - (-11 + 11)) + (-10 + 21 - -8).
41
Calculate -19 - (20 - (26 + (-14 - -26 - -3))).
2
What is the value of 60 - 39 - (18 + -20 - ((-4 - -3) + 1))?
23
Evaluate 13 - (18 + 74) - -7 - (-11 + 7 + -2).
-66
Evaluate 222 + -199 + 1 + -69 + -5.
-50
What is 88 + (10 - -23) + -81?
40
What is the value of (-24 - -16 - (-6 + (-30 - -5) + -4)) + -14?
13
Calculate (-7 - 32) + 6 + 4 + 52 + -60.
-37
What is the value of 11 + -6 + (221 + -224 - ((5 - -1) + -38))?
34
(3 - 6) + -5 + 55 - (11 - (10 - -11))
57
48 - (-11 - ((0 - 2) + (-5 - -4)))
56
Evaluate -81